{"id":1906,"date":"2016-10-30T13:20:54","date_gmt":"2016-10-30T12:20:54","guid":{"rendered":"http:\/\/parafia.kleczew.pl\/?page_id=1906"},"modified":"2017-04-08T22:58:56","modified_gmt":"2017-04-08T20:58:56","slug":"kto-moze-byc-chrzestnym","status":"publish","type":"page","link":"https:\/\/parafia.kleczew.pl\/index.php\/kto-moze-byc-chrzestnym\/","title":{"rendered":"Kto mo\u017ce by\u0107 chrzestnym?"},"content":{"rendered":"<p><img loading=\"lazy\" decoding=\"async\" class=\"alignleft size-large wp-image-1907\" src=\"http:\/\/parafia.kleczew.pl\/wp-content\/uploads\/2016\/10\/skanowanie0005-696x1024.jpg\" alt=\"skanowanie0005\" width=\"600\" height=\"883\" srcset=\"https:\/\/parafia.kleczew.pl\/wp-content\/uploads\/2016\/10\/skanowanie0005-696x1024.jpg 696w, https:\/\/parafia.kleczew.pl\/wp-content\/uploads\/2016\/10\/skanowanie0005-204x300.jpg 204w, https:\/\/parafia.kleczew.pl\/wp-content\/uploads\/2016\/10\/skanowanie0005-768x1129.jpg 768w, https:\/\/parafia.kleczew.pl\/wp-content\/uploads\/2016\/10\/skanowanie0005.jpg 1416w\" sizes=\"auto, (max-width: 600px) 100vw, 600px\" \/><\/p>\n<p>&nbsp;<\/p>\n<p>&nbsp;<\/p>\n<p>&nbsp;<\/p>\n<p>&nbsp;<\/p>\n<p>&nbsp;<\/p>\n<p>&nbsp;<\/p>\n<p>&nbsp;<\/p>\n<p>&nbsp;<\/p>\n<p>&nbsp;<\/p>\n<p>&nbsp;<\/p>\n<p>&nbsp;<\/p>\n<p>&nbsp;<\/p>\n<p>&nbsp;<\/p>\n<p>&nbsp;<\/p>\n<p>&nbsp;<\/p>\n<p>&nbsp;<\/p>\n<p>&nbsp;<\/p>\n<p>&nbsp;<\/p>\n<p>&nbsp;<\/p>\n<p>&nbsp;<\/p>\n<p>&nbsp;<\/p>\n<p>&nbsp;<\/p>\n<p>&nbsp;<\/p>\n<p><strong>\u0179r\u00f3d\u0142o:<\/strong><br \/>\nMiesi\u0119cznik &#8220;R\u00f3\u017caniec&#8221; nr 10 (772)<br \/>\nWydanie: Pa\u017adziernik 2016<br \/>\nStrona: 24<\/p>\n","protected":false},"excerpt":{"rendered":"<div class=\"mh-excerpt\"><p>&nbsp; &nbsp; &nbsp; &nbsp; &nbsp; &nbsp; &nbsp; &nbsp; &nbsp; &nbsp; &nbsp; &nbsp; &nbsp; &nbsp; &nbsp; &nbsp; &nbsp; &nbsp; &nbsp; &nbsp; &nbsp; &nbsp; &nbsp; \u0179r\u00f3d\u0142o: Miesi\u0119cznik <a class=\"mh-excerpt-more\" href=\"https:\/\/parafia.kleczew.pl\/index.php\/kto-moze-byc-chrzestnym\/\" title=\"Kto mo\u017ce by\u0107 chrzestnym?\">[&#8230;]<\/a><\/p>\n<\/div>","protected":false},"author":1,"featured_media":0,"parent":0,"menu_order":0,"comment_status":"closed","ping_status":"closed","template":"","meta":{"footnotes":""},"class_list":["post-1906","page","type-page","status-publish","hentry"],"_links":{"self":[{"href":"https:\/\/parafia.kleczew.pl\/index.php\/wp-json\/wp\/v2\/pages\/1906","targetHints":{"allow":["GET"]}}],"collection":[{"href":"https:\/\/parafia.kleczew.pl\/index.php\/wp-json\/wp\/v2\/pages"}],"about":[{"href":"https:\/\/parafia.kleczew.pl\/index.php\/wp-json\/wp\/v2\/types\/page"}],"author":[{"embeddable":true,"href":"https:\/\/parafia.kleczew.pl\/index.php\/wp-json\/wp\/v2\/users\/1"}],"replies":[{"embeddable":true,"href":"https:\/\/parafia.kleczew.pl\/index.php\/wp-json\/wp\/v2\/comments?post=1906"}],"version-history":[{"count":6,"href":"https:\/\/parafia.kleczew.pl\/index.php\/wp-json\/wp\/v2\/pages\/1906\/revisions"}],"predecessor-version":[{"id":2277,"href":"https:\/\/parafia.kleczew.pl\/index.php\/wp-json\/wp\/v2\/pages\/1906\/revisions\/2277"}],"wp:attachment":[{"href":"https:\/\/parafia.kleczew.pl\/index.php\/wp-json\/wp\/v2\/media?parent=1906"}],"curies":[{"name":"wp","href":"https:\/\/api.w.org\/{rel}","templated":true}]}}