{"id":899,"date":"2015-02-12T18:50:26","date_gmt":"2015-02-12T17:50:26","guid":{"rendered":"http:\/\/parafia.kleczew.pl\/?page_id=899"},"modified":"2015-02-12T21:12:00","modified_gmt":"2015-02-12T20:12:00","slug":"sprawozdanie-z-dzialalnosci-parafialnego-zespolu-caritas-w-kleczewie-za-rok-2014","status":"publish","type":"page","link":"https:\/\/parafia.kleczew.pl\/index.php\/sprawozdanie-z-dzialalnosci-parafialnego-zespolu-caritas-w-kleczewie-za-rok-2014\/","title":{"rendered":"Sprawozdanie z dzia\u0142alno\u015bci Parafialnego Zespo\u0142u Caritas w Kleczewie za rok 2014"},"content":{"rendered":"<p>Parafialny Zesp\u00f3\u0142 Caritas przy parafii \u015bw. Andrzeja w Kleczewie jako organizacja pozarz\u0105dowa dzia\u0142alno\u015b\u0107 swoj\u0105 opiera na wsp\u00f3\u0142pracy z Caritas Gniezno oraz z innymi organizacjami dzia\u0142aj\u0105cymi na terenie naszej gminy.Dzi\u0119ki tej wsp\u00f3\u0142pracy nasza organizacja mog\u0142a w bie\u017c\u0105cym 2014 roku przeprowadzi\u0107 r\u00f3\u017cne dzia\u0142ania. Na pocz\u0105tku roku podj\u0119li\u015bmy pr\u00f3by pozyskiwania \u017cywno\u015bci z innych \u017ar\u00f3de\u0142, ale efekt okaza\u0142 si\u0119 niewsp\u00f3\u0142mierny do podj\u0119tego wysi\u0142ku i tylko niewielka ilo\u015b\u0107 naszych podopiecznych mog\u0142a skorzysta\u0107 z tej pomocy. Nie stali\u015bmy jednak z za\u0142o\u017conymi r\u0119kami. Dzi\u0119ki zapa\u0142om naszych wolontariuszy przed \u015awi\u0119tami Wielkiej Nocy wystawili\u015bmy w naszych sklepach kosze, w kt\u00f3re zbierali\u015bmy \u017cywno\u015b\u0107. Akcja ta trwa\u0142a ca\u0142y tydzie\u0144. Wolontariuszami by\u0142a m\u0142odzie\u017c z gimnazjum, szko\u0142y podstawowej, ministranci oraz cz\u0142onkowie Parafialnego Zespo\u0142u Caritas. R\u00f3wnie\u017c w tym samym czasie wystawione zosta\u0142y kosze na \u017cywno\u015b\u0107 w naszym parafialnym ko\u015bciele.<\/p>\n<p>Przed \u015awi\u0119tami Wielkiej Nocy zgromadzon\u0105 \u017cywno\u015b\u0107 podzielili\u015bmy w\u015br\u00f3d najbardziej potrzebuj\u0105cych.Nast\u0119pn\u0105 nasz\u0105 akcj\u0105 by\u0142a zbi\u00f3rka pieni\u0119dzy na wyjazd dzieci na wycieczk\u0119 oraz na zakup plecak\u00f3w szkolnych. W mi\u0119dzyczasie dowiedzieli\u015bmy si\u0119, \u017ce<br \/>\ndzieci z naszej parafii (a by\u0142o ich dziesi\u0119cioro) mog\u0105 uczestniczy\u0107 w koloniach letnich zorganizowanych przez Caritas Gniezno. Wszystkie te akcje uda\u0142o si\u0119 nam zorganizowa\u0107; to znaczy: na wycieczk\u0119 do Parku Makiet Mikroskala w Koninie uda\u0142y si\u0119 52 osoby (z wolontariuszami). Po wspania\u0142ych wra\u017ceniach w tym obiekcie, pojechali\u015bmy do O\u015brodka Wczasowego Gos\u0142awice, tam pod czujnym okiem ksi\u0119dza proboszcza, ratownik\u00f3w i wolontariuszy dzieci szala\u0142y w k\u0105pielisku i wspaniale si\u0119 bawi\u0142y. Oczywi\u015bcie by\u0142 tam posi\u0142ek. Zakup plecak\u00f3w z wyposa\u017ceniem r\u00f3wnie\u017c uda\u0142 si\u0119 wspaniale. Dziesi\u0119cioro najbardziej potrzebuj\u0105cych dzieci 1 wrze\u015bnia z nowymi \u0142adnymi plecakami uda\u0142o si\u0119 do szko\u0142y. Ostatnia letnia akcja to kolonie zorganizowane przez Caritas Gniezno. Ka\u017cdemu z dziesi\u0119ciorga dzieci wp\u0142acili\u015bmy na konto Caritas Gniezno sum\u0119, kt\u00f3ra by\u0142a potrzebna, aby dziecko mog\u0142o uczestniczy\u0107 w tych koloniach.<\/p>\n<p>Nie zapomnieli\u015bmy r\u00f3wnie\u017c o ludziach starszych. Na pocz\u0105tku pa\u017adziernika zorganizowali\u015bmy spotkanie w siedzibie Caritas. Przy herbacie i ciasteczku bardzo mile sp\u0119dzili\u015bmy czas nie zapominaj\u0105c, \u017ce to miesi\u0105c Matki Bo\u017cej, wsp\u00f3lnie odm\u00f3wili\u015bmy r\u00f3\u017caniec.<\/p>\n<p>Nast\u0119pna zbi\u00f3rka pieni\u0119dzy przy ko\u015bciele przeznaczona zosta\u0142a na Miko\u0142ajkowe spotkanie. Tradycj\u0105 jest , \u017ce 6 grudnia do Caritas w Kleczewie przychodzi \u015bw. Miko\u0142aj (wspania\u0142y) i bawi si\u0119 z dzie\u0107mi. Na zako\u0144czenie ka\u017cde dziecko zosta\u0142o obdarowane przez niego paczk\u0105 ze s\u0142odyczami. A dzi\u0119ki naszym darczy\u0144c\u0105 r\u00f3wnie\u017c maskotkami, ciastem i napojami.<\/p>\n<p>W tym samym czasie w ko\u015bciele wystawili\u015bmy koszyczki, w kt\u00f3rych by\u0142y umieszczone karteczki z imieniem i wiekiem dziecka. Ka\u017cdy kto mia\u0142 \u017cyczenie zrobi\u0107 paczk\u0119 dziecku m\u00f3g\u0142 wzi\u0105\u0107 karteczk\u0119 i w okre\u015blonym czasie przynie\u015b\u0107 do ko\u015bcio\u0142a gotow\u0105 paczk\u0119. Okaza\u0142o si\u0119, \u017ce bardzo szybko kartki z imionami zosta\u0142y rozebrane. Po dw\u00f3ch tygodniach gotowe paczki trafi\u0142y do Caritas w Kleczewie sk\u0105d pow\u0119drowa\u0142y do kleczewskich dzieci. R\u00f3wnie\u017c Liceum w Kleczewie przygotowa\u0142o 10 paczek dla naszych dzieci. A zaprzyja\u017anieni z nimi ameryka\u0144scy \u017co\u0142nierze przygotowali dla tr\u00f3jki dzieci po trzy paczki.<\/p>\n<p>Dodatkow\u0105 atrakcj\u0105 naszych dzieci by\u0142 wyjazd do Gniezna na spotkanie z ameryka\u0144skimi \u017co\u0142nierzami. Dzieci wraz z wolontariuszami uczestniczyli w modlitwach w Katedrze. Nast\u0119pnie wszyscy udali si\u0119 do Seminarium, gdzie nasi milusi\u0144scy zostali obdarowani prezentami. Wszyscy byli bardzo zadowoleni. W grudniu wzi\u0119li\u015bmy r\u00f3wnie\u017c udzia\u0142 w og\u00f3lnopolskiej akcji Caritas. Kosze na \u017cywno\u015b\u0107 zosta\u0142y wystawione w sklepach Tw\u00f3j Market oraz Polo-Market. Zebrali\u015bmy razem 177 kg. \u017cywno\u015bci, kt\u00f3ra zosta\u0142a podzielona na paczki i tu\u017c przed \u015awi\u0119tami rozdana potrzebuj\u0105cym. Wolontariuszami w tych sklepach byli ministranci, m\u0142odzie\u017c gimnazjum oraz nasi wolontariusze. Zorganizowali\u015bmy r\u00f3wnie\u017c wigili\u0119 dla wszystkich grup liturgicznych i os\u00f3b ,kt\u00f3re \u017cywo anga\u017cuj\u0105 si\u0119 w \u017cycie naszej parafii. Na spotkanie zaprosili\u015bmy w\u0142adze naszego Miasta i Gminy.<\/p>\n","protected":false},"excerpt":{"rendered":"<div class=\"mh-excerpt\"><p>Parafialny Zesp\u00f3\u0142 Caritas przy parafii \u015bw. Andrzeja w Kleczewie jako organizacja pozarz\u0105dowa dzia\u0142alno\u015b\u0107 swoj\u0105 opiera na wsp\u00f3\u0142pracy z Caritas Gniezno oraz z innymi organizacjami dzia\u0142aj\u0105cymi <a class=\"mh-excerpt-more\" href=\"https:\/\/parafia.kleczew.pl\/index.php\/sprawozdanie-z-dzialalnosci-parafialnego-zespolu-caritas-w-kleczewie-za-rok-2014\/\" title=\"Sprawozdanie z dzia\u0142alno\u015bci Parafialnego Zespo\u0142u Caritas w Kleczewie za rok 2014\">[&#8230;]<\/a><\/p>\n<\/div>","protected":false},"author":1,"featured_media":0,"parent":0,"menu_order":0,"comment_status":"closed","ping_status":"open","template":"","meta":{"footnotes":""},"class_list":["post-899","page","type-page","status-publish","hentry"],"_links":{"self":[{"href":"https:\/\/parafia.kleczew.pl\/index.php\/wp-json\/wp\/v2\/pages\/899","targetHints":{"allow":["GET"]}}],"collection":[{"href":"https:\/\/parafia.kleczew.pl\/index.php\/wp-json\/wp\/v2\/pages"}],"about":[{"href":"https:\/\/parafia.kleczew.pl\/index.php\/wp-json\/wp\/v2\/types\/page"}],"author":[{"embeddable":true,"href":"https:\/\/parafia.kleczew.pl\/index.php\/wp-json\/wp\/v2\/users\/1"}],"replies":[{"embeddable":true,"href":"https:\/\/parafia.kleczew.pl\/index.php\/wp-json\/wp\/v2\/comments?post=899"}],"version-history":[{"count":3,"href":"https:\/\/parafia.kleczew.pl\/index.php\/wp-json\/wp\/v2\/pages\/899\/revisions"}],"predecessor-version":[{"id":902,"href":"https:\/\/parafia.kleczew.pl\/index.php\/wp-json\/wp\/v2\/pages\/899\/revisions\/902"}],"wp:attachment":[{"href":"https:\/\/parafia.kleczew.pl\/index.php\/wp-json\/wp\/v2\/media?parent=899"}],"curies":[{"name":"wp","href":"https:\/\/api.w.org\/{rel}","templated":true}]}}

Sprawozdanie z działalności Parafialnego Zespołu Caritas w Kleczewie za rok 2014

<p>Parafialny Zespół Caritas przy parafii św. Andrzeja w Kleczewie jako organizacja pozarządowa działalność swoją opiera na współpracy z Caritas Gniezno oraz z innymi organizacjami działającymi na terenie naszej gminy.Dzięki tej współpracy nasza organizacja mogła w bieżącym 2014 roku przeprowadzić różne działania. Na początku roku podjęliśmy próby pozyskiwania żywności z innych źródeł, ale efekt okazał się niewspółmierny do podjętego wysiłku i tylko niewielka ilość naszych podopiecznych mogła skorzystać z tej pomocy. Nie staliśmy jednak z założonymi rękami. Dzięki zapałom naszych wolontariuszy przed Świętami Wielkiej Nocy wystawiliśmy w naszych sklepach kosze, w które zbieraliśmy żywność. Akcja ta trwała cały tydzień. Wolontariuszami była młodzież z gimnazjum, szkoły podstawowej, ministranci oraz członkowie Parafialnego Zespołu Caritas. Również w tym samym czasie wystawione zostały kosze na żywność w naszym parafialnym kościele.</p>
<p>Przed Świętami Wielkiej Nocy zgromadzoną żywność podzieliliśmy wśród najbardziej potrzebujących.Następną naszą akcją była zbiórka pieniędzy na wyjazd dzieci na wycieczkę oraz na zakup plecaków szkolnych. W międzyczasie dowiedzieliśmy się, że<br />
dzieci z naszej parafii (a było ich dziesięcioro) mogą uczestniczyć w koloniach letnich zorganizowanych przez Caritas Gniezno. Wszystkie te akcje udało się nam zorganizować; to znaczy: na wycieczkę do Parku Makiet Mikroskala w Koninie udały się 52 osoby (z wolontariuszami). Po wspaniałych wrażeniach w tym obiekcie, pojechaliśmy do Ośrodka Wczasowego Gosławice, tam pod czujnym okiem księdza proboszcza, ratowników i wolontariuszy dzieci szalały w kąpielisku i wspaniale się bawiły. Oczywiście był tam posiłek. Zakup plecaków z wyposażeniem również udał się wspaniale. Dziesięcioro najbardziej potrzebujących dzieci 1 września z nowymi ładnymi plecakami udało się do szkoły. Ostatnia letnia akcja to kolonie zorganizowane przez Caritas Gniezno. Każdemu z dziesięciorga dzieci wpłaciliśmy na konto Caritas Gniezno sumę, która była potrzebna, aby dziecko mogło uczestniczyć w tych koloniach.</p>
<p>Nie zapomnieliśmy również o ludziach starszych. Na początku października zorganizowaliśmy spotkanie w siedzibie Caritas. Przy herbacie i ciasteczku bardzo mile spędziliśmy czas nie zapominając, że to miesiąc Matki Bożej, wspólnie odmówiliśmy różaniec.</p>
<p>Następna zbiórka pieniędzy przy kościele przeznaczona została na Mikołajkowe spotkanie. Tradycją jest , że 6 grudnia do Caritas w Kleczewie przychodzi św. Mikołaj (wspaniały) i bawi się z dziećmi. Na zakończenie każde dziecko zostało obdarowane przez niego paczką ze słodyczami. A dzięki naszym darczyńcą również maskotkami, ciastem i napojami.</p>
<p>W tym samym czasie w kościele wystawiliśmy koszyczki, w których były umieszczone karteczki z imieniem i wiekiem dziecka. Każdy kto miał życzenie zrobić paczkę dziecku mógł wziąć karteczkę i w określonym czasie przynieść do kościoła gotową paczkę. Okazało się, że bardzo szybko kartki z imionami zostały rozebrane. Po dwóch tygodniach gotowe paczki trafiły do Caritas w Kleczewie skąd powędrowały do kleczewskich dzieci. Również Liceum w Kleczewie przygotowało 10 paczek dla naszych dzieci. A zaprzyjaźnieni z nimi amerykańscy żołnierze przygotowali dla trójki dzieci po trzy paczki.</p>
<p>Dodatkową atrakcją naszych dzieci był wyjazd do Gniezna na spotkanie z amerykańskimi żołnierzami. Dzieci wraz z wolontariuszami uczestniczyli w modlitwach w Katedrze. Następnie wszyscy udali się do Seminarium, gdzie nasi milusińscy zostali obdarowani prezentami. Wszyscy byli bardzo zadowoleni. W grudniu wzięliśmy również udział w ogólnopolskiej akcji Caritas. Kosze na żywność zostały wystawione w sklepach Twój Market oraz Polo-Market. Zebraliśmy razem 177 kg. żywności, która została podzielona na paczki i tuż przed Świętami rozdana potrzebującym. Wolontariuszami w tych sklepach byli ministranci, młodzież gimnazjum oraz nasi wolontariusze. Zorganizowaliśmy również wigilię dla wszystkich grup liturgicznych i osób ,które żywo angażują się w życie naszej parafii. Na spotkanie zaprosiliśmy władze naszego Miasta i Gminy.</p>

<div class="mh-excerpt"><p>Parafialny Zespół Caritas przy parafii św. Andrzeja w Kleczewie jako organizacja pozarządowa działalność swoją opiera na współpracy z Caritas Gniezno oraz z innymi organizacjami działającymi <a class="mh-excerpt-more" href="https://parafia.kleczew.pl/index.php/sprawozdanie-z-dzialalnosci-parafialnego-zespolu-caritas-w-kleczewie-za-rok-2014/" title="Sprawozdanie z działalności Parafialnego Zespołu Caritas w Kleczewie za rok 2014">[&#8230;]</a></p>
</div>
